Select a Year or Month report
Warning: Undefined array key "NOAAYR2024.txt" in /customers/0/d/5/henrikdemant.com/httpd.www/weather/NOAA-reports.php on line 293
Report for 2015 May
Monthly Climatological Summary for maj 2015
Name: Demant's Weather City: Kerte State: Fyn, Denmark
Elevation: 52 m Lat: N 55° 36' 36" Lon: E 010° 39' 56"
Temperature (°C), Rain (mm), Wind Speed (m/s)
Heat Cool Avg
Mean Deg Deg Wind Dom
Day Temp High Time Low Time Days Days Rain Speed High Time Dir
----------------------------------------------------------------------------------
1 8,1 13,1 11:03 3,6 01:23 10,2 0,0 0,3 1,4 7,8 13:49 NNE
2 8,4 14,3 14:50 2,5 04:00 9,9 0,0 0,0 2,7 10,2 15:52 WNW
3 8,4 15,7 14:32 -0,6 05:45 9,9 0,0 5,4 5,0 13,3 19:21 SE
4 12,1 16,3 16:47 7,9 00:00 6,2 0,0 2,1 4,8 9,3 12:45 SW
5 13,6 22,3 15:04 7,7 01:37 5,1 0,4 13,2 6,1 13,3 11:57 S
6 12,5 17,8 15:45 8,0 05:29 5,8 0,0 0,0 5,3 13,9 18:13 SW
7 10,6 13,7 15:57 7,6 23:57 7,7 0,0 5,4 6,9 12,9 08:21 WSW
8 9,9 15,2 17:12 4,8 04:47 8,4 0,0 0,0 1,6 5,1 00:15 W
9 10,2 14,8 16:08 6,3 00:15 8,1 0,0 2,4 5,3 12,9 11:36 SSW
10 11,2 16,4 14:24 8,2 23:56 7,1 0,0 0,9 3,9 11,6 14:38 WNW
11 13,5 20,0 16:19 6,8 03:08 5,0 0,2 0,0 5,1 12,9 09:29 S
12 12,5 18,1 12:29 8,4 23:46 5,8 0,0 0,9 3,4 12,2 18:42 W
13 10,3 13,2 12:03 7,9 02:08 8,0 0,0 0,6 6,2 14,3 15:30 W
14 11,5 17,0 15:05 8,1 23:51 7,0 0,0 0,0 2,9 8,2 14:41 WNW
15 12,6 18,5 13:00 6,8 23:57 5,7 0,0 0,0 2,4 7,1 15:50 WNW
16 9,5 13,1 17:49 6,6 00:26 8,8 0,0 0,9 4,1 9,9 23:47 W
17 9,8 14,4 12:26 6,1 02:16 8,5 0,0 1,5 5,4 23,7 03:19 W
18 9,2 12,2 11:07 6,6 04:44 9,1 0,0 8,4 4,0 9,9 00:57 S
19 10,8 14,6 11:49 7,0 23:40 7,5 0,0 1,8 5,3 13,6 12:17 WSW
20 10,7 15,6 14:25 5,7 03:13 7,6 0,0 1,2 3,6 9,9 15:41 WSW
21 11,2 16,5 12:57 5,5 04:47 7,1 0,0 0,0 2,9 9,2 17:08 W
22 13,1 18,8 15:53 7,9 01:48 5,2 0,0 0,0 4,3 9,9 16:14 WSW
23 11,7 15,3 13:13 7,4 23:55 6,6 0,0 1,2 2,2 8,5 10:48 NNW
24 11,4 16,8 16:12 5,0 03:02 6,9 0,0 0,0 3,1 7,8 10:46 W
25 11,5 16,0 16:03 8,8 08:27 6,8 0,0 0,6 2,0 5,4 03:57 NW
26 10,6 13,5 14:12 6,5 05:02 7,7 0,0 0,9 2,6 11,9 16:46 WNW
27 11,6 16,0 14:14 7,6 23:57 6,7 0,0 0,0 2,9 9,5 12:26 NW
28 11,5 15,6 15:35 6,7 00:44 6,8 0,0 2,1 5,1 13,9 14:43 WSW
29 10,7 16,6 11:51 5,9 04:58 7,6 0,0 14,1 3,4 9,9 09:35 SW
30 10,8 15,8 14:27 7,4 06:16 7,5 0,0 0,9 6,1 12,2 12:48 W
31 12,3 17,2 14:05 8,0 00:26 6,0 0,0 4,2 6,0 12,6 23:09 SW
----------------------------------------------------------------------------------
11,0 22,3 5 -0,6 3 226,3 0,6 69,0 4,1 23,7 17 WSW
Max >= 27,0: 0
Max <= 0,0: 0
Min <= 0,0: 1
Min <= -18,0: 0
Max Rain: 14,1 on day 29
Days of Rain: 21 (>= 0,2 mm) 9 (>= 2,0 mm) 0 (>= 20,0 mm)
Heat Base: 18,3 Cool Base: 18,3 Method: Integration