Select a Year or Month report
Warning: Undefined array key "NOAAYR2024.txt" in /customers/0/d/5/henrikdemant.com/httpd.www/weather/NOAA-reports.php on line 293
Report for 2016 Nov
Monthly Climatological Summary for nov 2016
Name: Demant's Weather City: Kerte State: Fyn, Denmark
Elevation: 52 m Lat: N 55° 36' 36" Lon: E 010° 39' 35"
Temperature (°C), Rain (mm), Wind Speed (m/s)
Heat Cool Avg
Mean Deg Deg Wind Dom
Day Temp High Time Low Time Days Days Rain Speed High Time Dir
----------------------------------------------------------------------------------
1 9,4 11,6 04:01 6,4 21:07 8,9 0,0 0,0 2,4 8,5 03:25 W
2 5,4 7,1 01:25 1,0 23:58 12,9 0,0 0,0 1,8 9,8 11:52 NW
3 3,2 6,1 14:01 -2,1 07:35 15,1 0,0 1,0 1,0 5,4 18:21 S
4 7,4 9,3 14:11 5,8 00:00 10,9 0,0 7,6 2,2 7,2 06:26 S
5 6,0 7,4 00:00 5,1 20:15 12,3 0,0 4,6 2,4 7,2 10:38 SE
6 4,6 7,9 11:20 1,8 23:06 13,7 0,0 1,2 2,4 9,8 19:28 ENE
7 1,3 3,3 12:27 -1,4 23:42 17,0 0,0 0,8 2,7 8,5 12:27 NNE
8 -1,0 0,0 13:57 -2,6 20:35 19,3 0,0 0,0 0,9 5,8 06:02 NNE
9 -0,6 0,9 12:50 -2,8 20:36 18,7 0,0 1,0 0,8 4,9 14:13 WNW
10 0,3 2,6 12:30 -2,2 00:00 18,0 0,0 0,8 0,8 4,9 21:40 ENE
11 0,9 4,2 12:39 -2,5 23:57 17,4 0,0 1,6 1,1 4,9 04:13 NNE
12 0,2 4,3 12:11 -2,9 00:17 18,1 0,0 0,4 1,6 6,7 12:50 SSE
13 0,7 2,8 12:52 -1,6 22:21 17,6 0,0 0,0 2,4 9,4 11:50 SSE
14 1,3 3,9 23:31 -1,8 03:49 17,0 0,0 9,4 2,5 9,8 17:41 S
15 7,0 10,9 14:36 3,9 00:00 11,3 0,0 1,8 2,5 9,4 05:40 SW
16 5,9 8,8 16:50 2,8 04:18 12,4 0,0 1,4 2,2 9,4 11:27 SSW
17 5,8 7,6 23:31 4,3 06:59 10,2 0,0 8,8 2,9 12,5 22:24 S
18 5,8 8,3 00:51 2,4 21:06 12,5 0,0 8,4 4,1 14,3 17:36 SSW
19 4,5 5,8 12:28 2,5 07:57 13,8 0,0 3,8 3,6 12,1 12:11 S
20 5,5 9,5 20:06 2,7 05:25 12,8 0,0 6,6 5,4 17,9 20:14 SSE
21 8,4 10,7 20:51 6,1 06:18 9,9 0,0 1,4 3,0 13,4 00:13 SE
22 9,1 11,7 12:29 6,9 20:47 9,2 0,0 0,0 2,4 8,5 01:21 SSE
23 6,8 9,4 12:20 4,3 08:20 11,5 0,0 0,0 0,8 4,9 12:02 SSW
24 3,9 7,2 14:58 0,7 08:53 14,4 0,0 0,2 0,6 3,6 05:54 NW
25 2,1 5,8 14:34 -0,8 04:20 16,2 0,0 0,2 0,7 4,9 23:02 SW
26 6,9 9,5 14:39 3,3 00:11 11,4 0,0 0,0 2,9 11,6 17:49 W
27 4,0 6,3 11:47 2,5 08:41 14,3 0,0 0,0 1,5 7,6 22:50 NNW
28 0,4 2,8 11:34 -2,8 23:54 17,9 0,0 0,0 1,0 6,3 01:06 NNW
29 3,2 5,8 23:30 -2,8 00:00 15,1 0,0 0,2 2,8 9,4 22:18 WSW
30 6,4 7,4 23:48 5,4 00:25 11,9 0,0 4,2 2,7 8,9 00:44 W
----------------------------------------------------------------------------------
4,2 11,7 22 -2,9 12 421,7 0,0 65,4 2,1 17,9 20 SSW
Max >= 27,0: 0
Max <= 0,0: 1
Min <= 0,0: 12
Min <= -18,0: 0
Max Rain: 9,4 on day 14
Days of Rain: 21 (>= 0,2 mm) 8 (>= 2,0 mm) 0 (>= 20,0 mm)
Heat Base: 18,3 Cool Base: 18,3 Method: Integration