Select a Year or Month report
Warning: Undefined array key "NOAAYR2024.txt" in /customers/0/d/5/henrikdemant.com/httpd.www/weather/NOAA-reports.php on line 293
Report for 2019 Nov
Monthly Climatological Summary for nov 2019
Name: Demant's Weather City: Kerte State: Fyn, Denmark
Elevation: 53 m Lat: N 55 21 49 Lon: E 009 59 36
Temperature (°C), Rain (mm), Wind Speed (m/s)
Heat Cool Avg
Mean Deg Deg Wind Dom
Day Temp High Time Low Time Days Days Rain Speed High Time Dir
----------------------------------------------------------------------------------
01 3,4 6,5 12:41 -0,5 03:37 14,9 0,0 1,8 2,4 11,2 15:23 SE
02 7,9 11,4 16:17 5,3 00:00 10,3 0,0 4,2 2,0 5,4 01:09 SE
03 9,6 10,8 14:05 8,7 00:00 8,7 0,0 2,0 1,2 4,5 00:24 SSE
04 9,0 10,4 06:58 7,5 23:01 9,3 0,0 4,6 2,2 11,2 09:42 E
05 6,0 7,5 00:00 4,7 23:53 12,3 0,0 3,2 1,5 7,6 12:19 NNE
06 4,6 5,9 14:30 3,9 18:07 13,6 0,0 0,4 0,6 4,0 04:50 NNE
07 4,5 7,6 12:37 2,3 08:31 13,8 0,0 0,2 0,9 5,4 12:37 ESE
08 6,1 7,9 13:29 2,6 23:55 12,2 0,0 2,8 1,3 6,7 10:35 S
09 3,5 6,9 13:55 0,4 06:14 14,8 0,0 0,0 0,3 2,2 23:22 ENE
10 4,6 7,5 12:31 0,2 07:14 13,7 0,0 0,6 1,3 8,9 20:45 SSE
11 5,5 7,1 11:47 4,1 20:50 12,8 0,0 0,4 3,6 10,7 20:21 SSE
12 5,5 6,6 11:04 3,9 23:52 12,8 0,0 0,0 4,0 14,8 10:59 S
13 4,6 6,0 18:30 2,2 07:51 13,7 0,0 0,0 3,2 11,2 18:58 SSE
14 4,6 6,4 14:52 3,5 18:13 11,2 0,0 0,2 1,4 5,4 12:05 SSE
15 7,1 8,2 22:04 0,0 06:13 8,1 0,0 2,2 2,3 11,2 08:09 E
16 8,2 8,9 13:19 6,8 23:57 10,1 0,0 7,2 1,8 13,4 23:48 SW
17 5,4 6,9 12:07 3,6 08:33 12,9 0,0 1,2 2,4 12,1 00:08 SSW
18 7,9 9,2 13:04 5,3 00:00 10,4 0,0 2,6 2,6 9,8 02:22 E
19 6,7 8,1 14:38 5,4 08:00 11,6 0,0 0,2 3,2 9,4 03:05 SSW
20 5,3 7,2 00:03 2,3 07:27 13,0 0,0 4,2 0,9 4,5 00:00 NE
21 5,7 8,5 20:42 2,5 08:02 12,6 0,0 0,2 1,3 6,3 02:02 ESE
22 7,7 8,5 10:59 6,7 17:58 10,6 0,0 1,4 2,7 9,4 21:54 SE
23 7,5 8,4 03:35 6,7 23:53 10,8 0,0 0,0 3,9 13,4 19:41 ESE
24 6,4 6,8 23:02 6,1 16:31 11,9 0,0 0,0 4,3 13,9 08:42 ESE
25 5,1 6,7 00:00 4,5 06:21 13,2 0,0 0,4 2,8 6,7 18:08 ESE
26 5,9 7,4 23:59 4,9 00:02 12,4 0,0 1,8 2,5 6,7 12:35 SSE
27 7,5 7,9 22:55 6,9 16:43 10,8 0,0 3,0 3,1 7,6 15:39 SE
28 7,7 8,6 11:13 5,2 22:37 10,6 0,0 2,2 1,9 7,6 01:50 S
29 2,6 5,3 00:00 -0,9 23:03 15,7 0,0 0,6 2,2 11,2 12:24 NW
30 1,9 4,9 11:35 -0,8 00:15 16,4 0,0 0,2 0,9 4,0 11:58 WSW
----------------------------------------------------------------------------------
5,9 11,4 2 -0,9 29 365,2 0,0 47,8 2,2 14,8 12 SE
Max >= 27,0 0
Max <= 0,0 0
Min <= 0,0 4
Min <= -18,0 0
Max Rain: 7,2 on day 16
Days of Rain: 25 (>= 0,2 mm) 11 (>= 2,0 mm) 0 (>= 20,0 mm)
Heat Base: 18,3 Cool Base: 18,3 Method: Integration