Select a Year or Month report
Warning: Undefined array key "NOAAYR2024.txt" in /customers/0/d/5/henrikdemant.com/httpd.www/weather/NOAA-reports.php on line 293
Report for 2021 Dec
Monthly Climatological Summary for dec 2021
Name: Demant's Weather City: Kerte State: Fyn, Denmark
Elevation: 53 m Lat: N 55° 21' 48" Lon: E 009° 59' 35"
Temperature (°C), Rain (mm), Wind Speed (m/s)
Heat Cool Avg
Mean Deg Deg Wind Dom
Day Temp High Time Low Time Days Days Rain Speed High Time Dir
----------------------------------------------------------------------------------
01 3,7 7,8 11:38 -1,6 00:25 14,6 0,0 14,6 4,5 17,0 22:03 SE
02 0,0 1,9 22:47 -1,5 18:17 18,3 0,0 0,0 3,0 13,9 00:18 NW
03 2,6 5,3 20:43 1,1 06:11 15,7 0,0 5,4 3,1 13,0 18:07 SW
04 3,5 4,7 11:59 1,3 06:15 14,8 0,0 0,4 0,8 5,8 23:46 SSE
05 1,7 3,8 00:00 -1,4 23:54 16,6 0,0 1,0 2,1 10,3 06:13 ENE
06 0,3 2,0 19:01 -2,0 05:23 18,0 0,0 0,0 3,0 12,5 22:56 ESE
07 1,5 2,1 13:47 0,7 07:33 16,8 0,0 1,6 5,0 11,6 05:00 SE
08 1,8 2,4 18:16 0,8 09:38 16,5 0,0 3,2 5,6 14,3 04:22 SE
09 1,1 2,2 00:00 0,4 16:51 17,2 0,0 0,0 3,2 8,0 05:50 SE
10 2,1 3,2 14:15 1,4 23:53 16,2 0,0 0,2 1,4 6,7 02:49 ESE
11 1,5 3,9 13:36 -1,8 22:05 16,8 0,0 0,2 0,8 4,9 13:42 W
12 4,0 7,3 17:37 -1,6 00:22 14,3 0,0 3,8 2,1 9,4 10:50 S
13 7,5 8,4 13:52 6,1 02:36 10,8 0,0 0,6 1,6 7,2 17:29 SW
14 6,0 8,1 00:00 4,6 09:24 12,3 0,0 1,4 1,6 8,9 03:12 SW
15 8,3 9,4 11:32 6,7 00:00 9,9 0,0 0,0 4,6 11,2 11:54 WSW
16 6,8 8,5 03:21 4,1 22:02 11,5 0,0 0,0 2,6 9,8 00:06 W
17 6,3 7,7 15:01 4,6 01:42 12,0 0,0 0,2 1,9 7,2 00:52 W
18 6,9 8,3 13:49 6,0 03:09 11,4 0,0 0,2 2,6 10,7 17:37 WNW
19 5,9 8,1 10:48 1,4 23:44 12,4 0,0 0,0 2,9 13,0 02:01 NNW
20 1,3 3,8 13:16 -2,4 23:58 17,0 0,0 0,0 1,1 5,4 02:43 NNW
21 -0,5 1,8 19:39 -4,1 09:20 18,8 0,0 0,0 0,4 3,6 00:45 SW
22 2,4 3,3 13:47 0,4 23:58 15,9 0,0 0,2 1,3 6,3 11:38 SW
23 -0,3 0,8 11:13 -0,8 17:47 18,6 0,0 0,0 1,5 6,3 15:06 S
24 -2,3 0,2 10:30 -6,8 23:25 20,6 0,0 0,0 1,9 13,4 12:21 NNE
25 -4,5 -1,8 14:18 -7,7 02:54 22,8 0,0 0,0 0,9 5,4 04:19 WSW
26 -4,1 -1,2 12:12 -6,4 23:22 22,4 0,0 0,0 0,5 3,6 23:23 SSW
27 -3,1 -0,4 23:44 -6,6 00:32 21,4 0,0 0,0 4,0 10,3 23:38 ESE
28 0,5 1,0 11:03 -0,4 00:00 17,8 0,0 2,0 3,5 8,9 09:01 SE
29 1,4 3,0 23:58 0,4 02:00 16,9 0,0 1,2 1,1 9,4 23:51 SSE
30 6,7 9,2 19:16 3,0 00:00 11,6 0,0 0,8 3,1 8,5 01:53 SW
31 8,6 9,3 10:29 7,6 20:45 9,7 0,0 7,6 3,5 10,7 07:04 WSW
----------------------------------------------------------------------------------
2,5 9,4 15 -7,7 25 489,6 0,0 44,6 2,4 17,0 1 S
Max >= 27,0 0
Max <= 0,0 3
Min <= 0,0 14
Min <= -18,0 0
Max Rain: 14,6 on day 1
Days of Rain: 18 (>= 0,2 mm) 6 (>= 2,0 mm) 0 (>= 20,0 mm)
Heat Base: 18,3 Cool Base: 18,3 Method: Integration