Demant's Weather as NOAA Climate Reports

Select a Year or Month report

Report for 2018 Jul
                   Monthly Climatological Summary for jul 2018

Name: Demant's Weather   City: Kerte   State: Fyn, Denmark
Elevation: 52 m  Lat: N 55° 36' 36"   Lon: E 010° 39' 35"

                  Temperature (°C), Rain (mm), Wind Speed (m/s)

                                      Heat  Cool        Avg
    Mean                              Deg   Deg         Wind                 Dom
Day Temp  High   Time   Low    Time   Days  Days  Rain  Speed High   Time    Dir
----------------------------------------------------------------------------------
 1  17,6  24,3   15:24  11,0   23:56   2,2   1,5   0,0   1,4   8,0   12:16   ESE
 2  18,2  25,2   15:13   7,9   03:54   2,6   2,5   0,0   0,9   7,6   14:29     N
 3  17,9  25,5   15:57  10,7   05:47   2,3   1,9   0,0   1,3   7,6   18:04   WSW
 4  15,1  19,7   15:17   7,6   05:11   3,4   0,2   0,0   1,2   7,2   13:06   WSW
 5  16,4  21,6   16:14  13,9   04:58   2,1   0,2   0,0   1,5   7,2   17:05   WSW
 6  16,6  21,3   13:11  12,8   23:49   2,3   0,6   0,0   2,2   8,9   13:21     W
 7  17,4  23,4   15:41  11,7   04:13   2,3   1,4   0,0   1,8   8,5   10:23     W
 8  17,9  26,2   14:55  10,3   05:13   2,7   2,3   0,0   1,0   6,3   14:02     W
 9  15,0  18,9   16:21  10,1   23:55   3,3   0,0   0,0   2,0  10,7   12:34     W
10  16,1  22,4   15:58   8,8   05:45   3,1   0,8   0,0   1,5   9,4   14:25     E
11  20,4  25,6   15:12  14,9   01:44   0,9   2,9   0,6   2,2   9,8   10:44   NNE
12  21,8  28,6   15:17  16,1   03:41   0,5   4,0   0,2   1,0   8,9   18:31     N
13  19,0  26,2   15:01  13,1   06:00   1,8   2,4   0,0   1,2   6,7   15:12     W
14  16,3  21,9   15:15  13,2   03:18   2,7   0,6   0,0   1,1   7,6   16:00     W
15  19,1  26,6   16:29  11,1   01:57   1,9   2,8   0,0   1,0   7,2   16:55   WSW
16  21,2  27,3   15:46  15,6   05:00   0,6   3,5   0,0   1,3   8,0   14:24   NNE
17  21,9  30,9   15:13  14,9   03:59   0,7   4,4   2,8   1,0   8,0   15:53   NNE
18  20,2  25,4   14:34  15,7   23:57   0,5   2,4   0,0   1,2   6,7   11:30     W
19  18,3  25,2   16:16  11,7   05:25   2,0   2,0   0,0   1,1   7,6   14:10     W
20  18,8  26,0   15:34  10,9   05:20   2,1   2,6   0,0   0,7   6,3   11:45   WNW
----------------------------------------------------------------------------------
    18,3  30,9    17     7,6     4    40,0  39,0   3,6   1,3  10,7     9     WNW

Max >=  27,0:  3
Max <=   0,0:  0
Min <=   0,0:  0
Min <= -18,0:  0
Max Rain: 2,8 on day 17
Days of Rain: 3 (>= 0,2 mm)  1 (>= 2,0 mm)  0 (>= 20,0 mm)
Heat Base: 18,3  Cool Base: 18,3  Method: Integration
:now::gauges::today::yesterday::this month::this year::records::monthly records::trends::webcam: