Demant's Weather as NOAA Climate Reports

Select a Year or Month report

Report for 2019 Apr
                   Monthly Climatological Summary for apr 2019

Name: Demant's Weather   City: Kerte   State: Fyn, Denmark
Elevation: 53 m  Lat: N 55 21 49   Lon: E 009 59 36

                  Temperature (°C), Rain (mm), Wind Speed (m/s)

                                      Heat  Cool        Avg
    Mean                              Deg   Deg         Wind                 Dom
Day Temp  High   Time   Low    Time   Days  Days  Rain  Speed High   Time    Dir
----------------------------------------------------------------------------------
01   3,0   9,0   14:45  -3,5   04:34  15,3   0,0   0,0   1,9   7,6   14:39    SE
02   6,4  11,6   14:14   1,5   01:55  11,9   0,0   1,2   4,6  13,4   15:13   ESE
03   9,0  12,7   13:10   6,6   23:55   9,3   0,0   2,6   1,7   8,5   00:45   ESE
04   9,3  15,0   15:46   5,9   01:43   9,0   0,0   0,0   1,7   6,7   07:34   ESE
05  10,2  17,3   14:19   3,8   06:08   8,1   0,0   0,0   2,3  10,3   18:49     E
06  10,9  18,2   16:04   5,5   06:56   7,4   0,0   0,0   1,5   7,2   00:18     E
07   9,7  18,8   15:50   4,2   07:25   7,8   0,0   0,0   1,3   6,3   22:07    NE
08   7,0  10,4   14:37   3,3   22:44  11,3   0,0   0,0   3,3  11,2   13:11   NNE
09   4,0   6,8   14:11  -0,1   23:58  14,3   0,0   0,0   2,6   9,4   12:20   NNE
10   1,9   5,9   09:58  -0,9   00:59  16,3   0,0   0,4   2,4   9,8   10:08   NNE
11   2,2   6,8   10:54  -2,0   01:51  16,1   0,0   0,0   1,5   7,6   12:06    NE
12   2,1   5,8   10:08  -0,9   07:11  16,2   0,0   0,6   0,9   6,7   12:04   ESE
13   2,2   6,6   12:42  -2,4   03:31  16,1   0,0   0,0   1,4   8,9   14:23    NE
14   4,2   9,2   16:21  -0,4   06:07  14,1   0,0   0,2   1,6   8,9   17:24    NE
15   5,0  10,2   15:45   0,2   06:25  13,3   0,0   0,0   2,1   8,9   14:27     E
16   5,7  11,1   16:33  -0,7   06:28  12,6   0,0   0,0   2,4   9,4   12:11     E
17   9,1  16,1   14:40   3,0   06:23   9,2   0,0   0,0   2,4  10,3   13:16   ESE
18  10,5  17,4   14:30   4,0   06:05   7,8   0,0   0,0   1,4   7,2   10:43   ENE
19  11,5  19,1   16:26   4,3   05:44   6,9   0,1   0,0   1,6   8,5   13:01   ESE
20  10,7  18,7   14:46   0,9   06:08   7,6   0,0   0,0   0,8   4,9   14:04    NE
21  10,6  19,2   16:27   1,4   04:55   7,7   0,1   0,0   0,9   5,4   13:11   SSW
----------------------------------------------------------------------------------
     6,9  19,2    21    -3,5     1   238,3   0,2   5,0   1,9  13,4     2       E

Max >=  27,0  0
Max <=   0,0  0
Min <=   0,0  8
Min <= -18,0  0
Max Rain: 2,6 on day 3
Days of Rain: 5 (>= 0,2 mm)  1 (>= 2,0 mm)  0 (>= 20,0 mm)
Heat Base: 18,3  Cool Base: 18,3  Method: Integration
:now::gauges::today::yesterday::this month::this year::records::monthly records::trends::webcam: