Demant's Weather as NOAA Climate Reports

Select a Year or Month report

Report for 2018 Sep
                   Monthly Climatological Summary for sep 2018

Name: Demant's Weather   City: Kerte   State: Fyn, Denmark
Elevation: 52 m  Lat: N 55° 36' 36"   Lon: E 010° 39' 35"

                  Temperature (°C), Rain (mm), Wind Speed (m/s)

                                      Heat  Cool        Avg
    Mean                              Deg   Deg         Wind                 Dom
Day Temp  High   Time   Low    Time   Days  Days  Rain  Speed High   Time    Dir
----------------------------------------------------------------------------------
 1  14,0  19,0   17:06  10,2   02:02   4,3   0,0   0,2   0,2   3,6   10:37   NNW
 2  14,9  20,8   16:21   8,7   05:17   3,7   0,3   0,0   0,6   5,4   13:07    NE
 3  17,9  23,1   15:19  14,0   00:00   1,6   1,3   0,2   1,4   7,2   14:41     E
 4  16,9  22,3   16:13  12,6   05:44   2,3   0,9   0,2   0,7   5,4   11:22   ENE
 5  17,1  23,0   13:39  11,6   07:24   2,4   1,2   0,0   0,5   5,4   13:46    SE
 6  17,4  22,5   14:12  12,9   05:29   1,8   0,9   0,2   2,8   8,5   15:59   ESE
 7  15,7  19,0   15:56  11,6   21:15   2,6   0,0  27,0   2,6   9,4   17:41   SSE
 8  13,9  18,3   14:53  10,4   06:30   4,4   0,0   4,6   3,5  12,1   16:53   SSW
 9  16,2  20,6   15:10  13,6   00:00   2,4   0,3   0,8   2,6  10,3   09:13     S
10  16,7  19,9   13:17  14,2   23:22   1,7   0,0   0,0   2,5   9,8   03:40    SW
11  14,7  17,1   14:05  12,9   23:03   3,6   0,0  10,8   2,9  11,6   13:17    SW
12  13,3  15,8   17:05  10,2   23:53   5,0   0,0   0,6   1,9   8,0   12:28   WSW
13  12,7  17,4   16:33   7,3   06:27   5,6   0,0   0,0   1,2   6,7   12:41    SW
14  14,0  17,1   13:02  11,3   05:29   4,3   0,0   0,4   2,5   9,8   13:38    SW
15  13,0  16,6   12:23   8,5   23:59   5,3   0,0   3,6   1,4   8,9   00:32   WSW
16  12,8  18,8   15:21   6,1   04:44   5,5   0,0   0,4   1,9  10,7   18:16   SSW
17  17,2  20,5   16:18  14,8   23:43   1,5   0,3   0,0   2,2   8,0   02:14    SW
18  18,5  25,4   16:33  14,1   05:28   1,5   1,7   0,0   2,7  10,3   14:48     S
19  18,1  22,1   15:08  15,6   03:36   1,0   0,8   0,0   3,2  11,2   23:23    SW
20  16,1  18,9   00:00  14,0   11:02   2,2   0,0   3,4   2,6  12,1   00:38    SW
21  14,9  19,0   11:13   9,9   22:59   3,4   0,0   4,8   5,1  17,4   12:00   SSW
22  11,4  15,2   13:47   8,9   01:48   6,9   0,0   3,6   3,4  13,9   14:49   WSW
----------------------------------------------------------------------------------
    15,3  25,4    18     6,1    16    73,0   7,7  60,8   2,2  17,4    21     SSW

Max >=  27,0:  0
Max <=   0,0:  0
Min <=   0,0:  0
Min <= -18,0:  0
Max Rain: 27,0 on day 7
Days of Rain: 15 (>= 0,2 mm)  7 (>= 2,0 mm)  1 (>= 20,0 mm)
Heat Base: 18,3  Cool Base: 18,3  Method: Integration
:now::gauges::today::yesterday::this month::this year::records::monthly records::trends::webcam: