Demant's Weather as NOAA Climate Reports

Select a Year or Month report

Report for 2019 Jan
                   Monthly Climatological Summary for jan 2019

Name: Demant's Weather   City: Kerte   State: Fyn, Denmark
Elevation: 52 m  Lat: N 55° 36' 36"   Lon: E 010° 39' 35"

                  Temperature (°C), Rain (mm), Wind Speed (m/s)

                                      Heat  Cool        Avg
    Mean                              Deg   Deg         Wind                 Dom
Day Temp  High   Time   Low    Time   Days  Days  Rain  Speed High   Time    Dir
----------------------------------------------------------------------------------
 1   5,9   8,1   04:50   3,8   14:28  12,4   0,0   0,2   4,5  13,4   02:34   WNW
 2   2,6   5,0   02:28  -1,0   23:33  15,7   0,0   0,0   2,5  11,6   03:07   NNW
 3  -0,8   2,4   13:05  -4,4   07:08  19,1   0,0   0,0   0,2   3,1   13:52   WNW
 4   5,6   8,6   22:52   1,1   00:00  12,6   0,0   0,4   1,9   8,9   23:45   WNW
 5   5,6   8,6   00:00  -1,4   23:54  12,7   0,0   0,0   1,1   7,2   00:00   NNW
 6   2,0   5,7   18:46  -2,5   03:39  16,3   0,0   0,4   0,3   3,6   21:10    SW
 7   5,6   7,1   20:28   3,9   10:29  12,7   0,0   3,2   2,3  12,1   18:40    SW
 8   4,6   6,6   00:42   2,9   18:36  13,7   0,0   2,4   4,5  14,3   02:55    NW
 9   2,5   3,2   12:11   1,3   22:31  15,8   0,0   0,0   4,4  14,8   12:31     N
10   0,8   3,9   23:54  -2,0   06:57  17,5   0,0   2,0   1,2   7,6   20:11   WSW
11   5,4   7,1   10:58   2,2   23:45  12,9   0,0   0,0   1,7   8,5   12:42   WNW
12   4,9   6,1   12:55   2,2   00:00  13,4   0,0   3,4   2,4   8,5   13:06   WSW
13   6,0   7,7   11:46   3,2   23:38  12,3   0,0   1,2   3,3  11,6   18:36     W
14   1,8   3,7   00:12  -0,1   09:05  16,5   0,0   0,0   3,0  10,3   06:18   WNW
15   5,0   7,0   15:20   2,5   02:36  13,3   0,0   1,2   2,8   9,8   11:46   WSW
16   6,4   7,3   12:31   4,3   23:37  11,9   0,0   4,2   5,2  15,2   21:45    SW
17   2,4   5,1   11:57  -1,1   23:47  15,9   0,0   0,8   3,4   9,4   01:07     W
18  -0,9   2,2   12:24  -4,3   05:11  19,2   0,0   0,0   0,7   4,9   12:49     W
----------------------------------------------------------------------------------
     3,6   8,6     4    -4,4     3   263,9   0,0  19,4   2,5  15,2    16     WNW

Max >=  27,0:  0
Max <=   0,0:  0
Min <=   0,0:  8
Min <= -18,0:  0
Max Rain: 4,2 on day 16
Days of Rain: 11 (>= 0,2 mm)  5 (>= 2,0 mm)  0 (>= 20,0 mm)
Heat Base: 18,3  Cool Base: 18,3  Method: Integration
:now::gauges::today::yesterday::this month::this year::records::monthly records::trends::webcam: