Demant's Weather as NOAA Climate Reports

Select a Year or Month report

Report for 2018 Nov
                   Monthly Climatological Summary for nov 2018

Name: Demant's Weather   City: Kerte   State: Fyn, Denmark
Elevation: 52 m  Lat: N 55° 36' 36"   Lon: E 010° 39' 35"

                  Temperature (°C), Rain (mm), Wind Speed (m/s)

                                      Heat  Cool        Avg
    Mean                              Deg   Deg         Wind                 Dom
Day Temp  High   Time   Low    Time   Days  Days  Rain  Speed High   Time    Dir
----------------------------------------------------------------------------------
 1   9,1  13,2   11:54   5,4   00:00   9,2   0,0   0,0   2,5   7,2   07:10   ESE
 2   8,8  11,3   12:58   4,2   23:57   9,5   0,0   0,6   2,6  10,3   09:53   SSW
 3   5,7  10,3   11:21   2,3   07:36  12,6   0,0   0,2   0,9   6,7   11:53     S
 4   6,4   8,9   11:56   2,4   03:55  11,9   0,0   0,2   2,1   8,0   13:31   ESE
 5   9,3  10,3   14:51   8,0   00:00   9,0   0,0   0,0   1,6   6,7   20:43     E
 6   8,8   9,8   01:13   6,4   23:54   9,5   0,0   0,0   1,5   6,7   10:26    SE
 7   8,1  10,1   13:31   5,6   01:06  10,2   0,0   0,2   1,5   5,4   10:06   ESE
 8   9,0  11,9   12:18   3,7   23:58   9,3   0,0   0,2   0,8   5,4   12:42     S
 9   7,1   9,5   23:58   1,7   03:59  11,2   0,0   0,4   1,7   8,0   17:46   ESE
10   9,9  11,3   14:01   8,8   06:40   8,4   0,0   1,4   4,4  11,2   11:43    SE
11  10,7  11,8   11:13   9,6   18:03   7,6   0,0   5,2   3,6   9,4   17:28   SSE
12   9,2  10,4   13:31   7,8   06:23   9,1   0,0   1,6   1,0   4,9   00:03   SSE
13   9,1  10,1   15:45   8,2   01:10   9,1   0,0   0,6   2,8  11,2   19:35   SSW
14   8,7   9,8   12:02   6,6   08:05   9,6   0,0   0,2   1,9   8,5   12:17   SSW
15   8,8  11,2   13:07   7,2   19:37   9,5   0,0   0,2   2,3   7,2   11:53    SE
16   6,3   9,4   12:31   3,8   21:36  12,0   0,0   0,0   2,5   8,0   10:38   ESE
----------------------------------------------------------------------------------
     8,4  13,2     1     1,7     9   157,7   0,0  11,0   2,1  11,2    10     SSE

Max >=  27,0:  0
Max <=   0,0:  0
Min <=   0,0:  0
Min <= -18,0:  0
Max Rain: 5,2 on day 11
Days of Rain: 12 (>= 0,2 mm)  1 (>= 2,0 mm)  0 (>= 20,0 mm)
Heat Base: 18,3  Cool Base: 18,3  Method: Integration
:now::gauges::today::yesterday::this month::this year::records::monthly records::trends::webcam: