Select a Year or Month report
Warning: Undefined array key "NOAAYR2024.txt" in /customers/0/d/5/henrikdemant.com/httpd.www/weather/NOAA-reports.php on line 293
Report for 2015 Jul
Monthly Climatological Summary for jul 2015
Name: Demant's Weather City: Kerte State: Fyn, Denmark
Elevation: 52 m Lat: N 55° 36' 36" Lon: E 010° 39' 56"
Temperature (°C), Rain (mm), Wind Speed (m/s)
Heat Cool Avg
Mean Deg Deg Wind Dom
Day Temp High Time Low Time Days Days Rain Speed High Time Dir
----------------------------------------------------------------------------------
1 20,0 25,6 13:52 12,3 02:43 1,4 3,0 0,0 3,0 7,8 18:16 SE
2 21,7 27,6 12:37 15,0 04:34 0,6 4,0 0,0 5,9 11,9 14:09 SE
3 23,1 27,9 17:08 16,1 04:12 0,3 5,1 0,0 2,2 6,8 00:44 ESE
4 24,3 30,2 14:38 17,2 05:35 0,0 6,0 0,0 2,1 6,5 16:35 ENE
5 24,2 31,3 14:44 18,9 04:58 0,0 5,9 3,0 1,7 9,5 23:34 E
6 18,4 21,2 15:41 15,1 23:56 0,6 0,7 0,0 6,4 12,9 18:07 W
7 19,6 27,7 15:09 14,0 02:20 1,0 2,3 1,8 3,9 8,5 12:36 SW
8 16,7 21,1 10:38 11,8 23:41 1,8 0,2 6,9 7,0 16,7 17:29 W
9 12,7 15,0 16:24 10,7 04:53 5,6 0,0 0,3 5,7 13,6 08:41 WNW
10 14,0 18,2 14:55 10,2 03:57 4,3 0,0 0,0 3,9 12,6 14:08 NW
11 15,6 20,9 17:25 7,0 05:15 3,2 0,4 0,0 1,1 6,1 14:48 WNW
12 17,1 22,5 13:50 11,4 03:32 2,2 1,0 0,6 2,6 9,2 18:41 W
13 17,5 22,0 12:26 13,3 23:55 1,5 0,7 0,3 2,1 7,1 15:53 WNW
14 16,8 23,0 15:38 10,0 04:06 2,6 1,1 0,0 1,6 7,8 14:41 NW
15 17,0 22,1 16:21 11,2 04:50 2,3 1,0 0,0 2,6 9,2 14:09 WNW
16 17,2 23,6 15:46 11,1 05:19 2,4 1,3 0,0 1,6 7,5 15:19 NW
17 16,9 22,8 16:11 7,6 05:44 2,7 1,3 0,0 3,3 9,9 16:38 SE
18 19,1 24,2 11:32 13,2 23:37 0,9 1,7 0,0 5,5 13,6 15:46 W
19 16,1 21,8 13:30 12,5 04:24 2,6 0,4 5,1 3,2 6,8 14:08 SW
20 16,6 22,4 15:31 11,1 03:51 2,3 0,7 0,0 2,9 8,8 13:29 W
21 18,6 24,0 14:32 12,1 01:23 1,4 1,7 0,9 5,5 12,9 16:11 WSW
22 19,2 25,4 17:06 13,7 05:42 1,3 2,3 0,0 3,2 8,5 19:22 W
23 17,1 22,0 15:56 11,9 05:22 1,8 0,7 0,0 3,3 9,5 15:54 WNW
24 17,7 24,4 15:59 10,6 04:07 2,2 1,7 0,0 1,8 6,5 13:50 WSW
25 15,8 20,2 18:17 11,5 07:57 2,7 0,2 27,6 3,0 12,9 08:01 ENE
26 14,9 18,2 15:37 12,0 04:37 3,4 0,0 3,9 4,9 13,3 13:56 WNW
27 14,3 16,1 17:45 12,0 05:41 4,0 0,0 3,9 3,4 8,5 15:05 SSE
28 16,2 19,2 14:36 14,0 02:32 2,2 0,0 6,9 4,3 12,9 15:50 WSW
29 15,3 18,2 15:57 11,5 23:42 3,0 0,0 2,4 5,2 11,6 16:21 WSW
30 14,9 19,8 12:40 10,2 01:53 3,5 0,1 0,6 2,7 9,9 16:27 WNW
31 13,8 17,5 13:17 9,9 23:49 4,5 0,0 0,0 3,2 10,2 10:50 NW
----------------------------------------------------------------------------------
17,5 31,3 5 7,0 11 68,3 43,5 64,2 3,5 16,7 8 W
Max >= 27,0: 5
Max <= 0,0: 0
Min <= 0,0: 0
Min <= -18,0: 0
Max Rain: 27,6 on day 25
Days of Rain: 14 (>= 0,2 mm) 8 (>= 2,0 mm) 1 (>= 20,0 mm)
Heat Base: 18,3 Cool Base: 18,3 Method: Integration